{"id":116,"date":"2021-05-11T14:07:07","date_gmt":"2021-05-11T14:07:07","guid":{"rendered":"https:\/\/icelandicfilmdirectors.is\/?page_id=116"},"modified":"2025-06-12T10:42:11","modified_gmt":"2025-06-12T10:42:11","slug":"ihm","status":"publish","type":"page","link":"https:\/\/icelandicfilmdirectors.is\/?page_id=116","title":{"rendered":"IHM"},"content":{"rendered":"\n<p> <\/p>\n\n\n\n<p>Kvikmyndaleikstj\u00f3rum gefst kostur \u00e1 a\u00f0 s\u00e6kja um b\u00e6tur \u00far IHM-sj\u00f3\u00f0i fyrir verk s\u00fdnd \u00ed innlendu sj\u00f3nvarpi e\u00f0a \u00e1 innlendu VOD \u00e1ri\u00f0 2024.<\/p>\n\n\n\n<p>\u00dathlutunarreglur SKL m\u00e1 finna h\u00e9r fyrir ne\u00f0an. <\/p>\n\n\n\n<ul><li>Athugi\u00f0 a\u00f0 einungis \u00fearf a\u00f0 s\u00e6kja um fyrir verk sem voru s\u00fdnd \u00e1 \u00e1rinu 2024 og verk sem voru frums\u00fdnd \u00e1ri\u00f0 2024 og munu \u00fev\u00ed b\u00e6tast \u00ed gagnagrunn f\u00e9laga okkar. Eldri verk sem eru gjaldgeng til tilvistargjalds eru \u00ed gagnagrunni f\u00e9lagsins.<\/li><li>Greitt er fyrir s\u00fdningu \u00e1 verkum sem eru s\u00fdnd og a\u00f0gengileg \u00ed innlendu sj\u00f3nvarpi e\u00f0a VOD \u00e1 ums\u00f3knar\u00e1ri. Um eingrei\u00f0slu er a\u00f0 r\u00e6\u00f0a, enda er ekki greitt fyrir endurs\u00fdningar \u00e1 umr\u00e6ddu \u00e1ri. Sj\u00e1 n\u00e1nar \u00ed \u00fathlutunarreglum.<\/li><li>Auk \u00feess er greitt eitt gjald fyrir hverja \u00edslenska leikna kvikmynd e\u00f0a heimildakvikmynd. Um er a\u00f0 r\u00e6\u00f0a eins konar \u201etilvistargjald\u201c \u00feessara verka. Tilvistargjald er greitt samkv\u00e6mt uppl\u00fdsingum \u00far gagnagrunni.<\/li><li>Athugi\u00f0 a\u00f0 sj\u00f3nvarpsefni t.a.m. fr\u00e9tta-, \u00ed\u00fer\u00f3tta- e\u00f0a d\u00e6gum\u00e1laefni telst ekki til kvikmyndaverka.<\/li><li>ATH! Stuttmyndir eru gjaldgengar til tilvistargjalds hafi \u00fe\u00e6r veri\u00f0 s\u00fdndar \u00e1 \u00feremur vi\u00f0urkenndum al\u00fej\u00f3\u00f0legum kvikmyndah\u00e1t\u00ed\u00f0um. Tilgreina skal a.m.k. \u00ferj\u00e1r h\u00e1t\u00ed\u00f0ir ef \u00f3ska\u00f0 er eftir tilvistargjaldi fyrir stuttmyndir.<\/li><li>F\u00e9lagsgj\u00f6ld SKL (kr. 25 000) ver\u00f0a dregin af heildarupph\u00e6\u00f0 \u00feeirrar grei\u00f0slu sem er til \u00fatborgunar.<\/li><\/ul>\n\n\n\n<p>Fyrirspurnir berist \u00e1 <a href=\"mailto:icelandicdirectors@gmail.com\">icelandicdirectors@gmail.com<\/a>.<\/p>\n\n\n\n<p><strong>H\u00e9r a\u00f0 ne\u00f0an eru tv\u00f6 ums\u00f3knarform, vinsamlega kynni\u00f0 ykkur vel forsendurnar \u00e1\u00f0ur en byrja\u00f0 er a\u00f0 fylla \u00feau inn.&nbsp;<\/strong><\/p>\n\n\n\n<p><strong><em>Skilafrestur: <\/em><\/strong><em>\u00a020. j\u00fal\u00ed 2025<\/em><\/p>\n\n\n\n<p><strong>MYNDIR FRUMS\u00ddNDAR FYRIR 2024<\/strong><\/p>\n\n\n\n<p><a href=\"https:\/\/docs.google.com\/forms\/d\/e\/1FAIpQLScehCLssfW-8QjgCO8SiGQBiRuzOb8hyGzUkxxglGHZAB9wkg\/viewform\" target=\"_blank\" rel=\"noopener\">UMS\u00d3KN <\/a>&#8211; yrir myndir sem s\u00fdndar voru \u00ed innlendu sj\u00f3nvarpi e\u00f0a \u00e1 innlendu VOD \u00e1ri\u00f0 2024.\u00a0<strong>ATH! S\u00f3tt er um fyrir hverja mynd fyrir sig, ums\u00f3knarey\u00f0ubla\u00f0i\u00f0 er fyllt inn einu sinni fyrir hverja mynd.<\/strong><\/p>\n\n\n\n<p><strong>MYNDIR FRUMS\u00ddNDAR 2024<\/strong><\/p>\n\n\n\n<p><a href=\"https:\/\/docs.google.com\/forms\/d\/e\/1FAIpQLScU-N56TzFiruCoTA6_eaE3fCWVuc156Q86iDjNd_cZVgTcrw\/viewform\" target=\"_blank\" rel=\"noopener\">UMS\u00d3KN <\/a>&#8211; og n\u00fdskr\u00e1ning \u00ed gagnagrunn fyrir myndir sem frums\u00fdndar voru \u00e1ri\u00f0 2024 (jafnt fyrir myndir sem voru s\u00fdndar \u00ed innlendur sj\u00f3nvarpi e\u00f0a VOD 2024 og \u00fe\u00e6r sem voru einungis frums\u00fdndar \u00ed kvikmyndah\u00fasi).\u00a0<strong>ATH! \u00deetta form er einungis fyrir n\u00fdskr\u00e1ningu verka \u00ed gagnagrunn, \u00fe.e. verk sem voru frums\u00fdnd 2024<\/strong><\/p>\n\n\n\n<p><strong>\u00daTHLUTUNARREGLUR FYRIR IHM GREI\u00d0SLUR<\/strong><\/p>\n\n\n\n<p>\u00dathlutunarreglur \u00feessar eru settar skv. fyrirm\u00e6lum h\u00f6fundarlaga nr. 73\/1972 og laga nr. 88\/2019 og me\u00f0 sto\u00f0 \u00ed 2. gr. \u00fathlutunarstefnu samtakanna (SKL).&nbsp;<\/p>\n\n\n\n<p>Kvikmyndaleikstj\u00f3rum gefst kostur \u00e1 a\u00f0 s\u00e6kja um grei\u00f0slur \u00far IHM-sj\u00f3\u00f0i \u00e1r hvert, \u00f3h\u00e1\u00f0 f\u00e9lagsa\u00f0ild. F\u00e9lagsmenn veita SKL alfari\u00f0 umbo\u00f0 til a\u00f0 innheimta IHM-grei\u00f0slur og er f\u00e9lagsm\u00f6nnum \u00fev\u00ed ekki&nbsp; heimilt a\u00f0 s\u00e6kja grei\u00f0slur \u00far IHM sj\u00f3\u00f0i \u00ed gegnum \u00f6nnur innlend fagf\u00e9l\u00f6g vegna leikstj\u00f3rnar.&nbsp; Me\u00f0limum SKL er hins vegar heimilt a\u00f0 s\u00e6kja um \u00fathlutun \u00far IHM sj\u00f3\u00f0um annarra fagf\u00e9l\u00f6ga vegna annarra starfa en leikstj\u00f3rnar, t.d. fyrir handritaskrif, framlei\u00f0slu o.s.frv.<\/p>\n\n\n\n<p>Ums\u00f3knarey\u00f0ubla\u00f0 er a\u00f0gengilegt \u00e1 heimas\u00ed\u00f0u samtakanna, icelandicfilmdirectors.is. SKL augl\u00fdsir \u00fathlutun \u00e1 heimas\u00ed\u00f0u samtakanna og \u00ed t\u00f6lvup\u00f3sti til f\u00e9lagsmanna.<\/p>\n\n\n\n<p>Stj\u00f3rn SKL fer yfir&nbsp;ums\u00f3knir og \u00e1skilur s\u00e9r r\u00e9tt til a\u00f0 meta vafaatri\u00f0i.<\/p>\n\n\n\n<p>Leikstj\u00f3rar sem s\u00e6kja um grei\u00f0slur \u00far IHM sj\u00f3\u00f0i f\u00e1 a\u00f0 l\u00e1gmarki greiddan einn (1) hlut fyrir hverja leikna kvikmynd e\u00f0a heimildamynd \u00ed fullri lengd sem \u00feeir hafa leikst\u00fdrt. Um er a\u00f0 r\u00e6\u00f0a eins konar \u201etilvistargjald\u201c hvers verks. <\/p>\n\n\n\n<p>Einnig er greitt gjald fyrir stuttmyndir hafi \u00fe\u00e6r sannarlega veri\u00f0 s\u00fdndar \u00e1 amk \u00feremur vi\u00f0urkenndum al\u00fej\u00f3\u00f0legum h\u00e1t\u00ed\u00f0um.<\/p>\n\n\n\n<div class=\"wp-block-group\"><div class=\"wp-block-group__inner-container\">\n<p>1\/3 hluti greiddur fyrir stuttmynd \u00ed flokki A (1-30 min)<\/p>\n\n\n\n<div class=\"wp-block-group\"><div class=\"wp-block-group__inner-container\">\n<p>2\/3 hluti greiddur fyrir stuttmynd \u00ed flokki B (31-59 m\u00edn)<br>Full lengd leikinnar kvikmyndar er 60-180 m\u00edn\u00fatur.<br>Full lengd heimildarmyndar er 50-180 m\u00edn\u00fatur.<\/p>\n<\/div><\/div>\n<\/div><\/div>\n\n\n\n<p>A\u00f0 auki er greitt fyrir s\u00fdningu \u00e1 kvikmyndum, heimildarmyndum, sj\u00f3nvarpsser\u00edum og stuttmyndum \u00ed sj\u00f3nvarpi e\u00f0a VOD \u00e1 \u00fathlutunar\u00e1ri. Grei\u00f0sla til leikstj\u00f3ra er \u00ed formi eingrei\u00f0slu og er ekki greitt fyrir endurteknar s\u00fdningar \u00e1 \u00fathlutunar\u00e1ri. Fyrirkomulag grei\u00f0slna vegna s\u00fdningar \u00ed sj\u00f3nvarpi e\u00f0a VOD er sem h\u00e9r segir:<\/p>\n\n\n\n<ul><li><em><span class=\"has-inline-color has-white-color\">1 <em>1 hlutur er greiddur fyrir s\u00fdningu \u00e1 kvikmynd, heimildarmynd og sj\u00f3nvarpsser\u00edu \u00ed sj\u00f3nvarpi e\u00f0a VOD &nbsp;\u00e1 ums\u00f3knar\u00e1ri.<\/em><\/span><\/em><\/li><li><em><span class=\"has-inline-color has-white-color\"><em>2 hlutar eru greiddir fyrir s\u00fdningu \u00e1 sj\u00f3nvarpsser\u00edu sem er 181 min e\u00f0a lengri.&nbsp;<\/em><\/span><\/em><\/li><li><em><span class=\"has-inline-color has-white-color\"><em>1\/3 hlutur er greiddur fyrir s\u00fdningu \u00e1 stuttmynd \u00ed flokki A (1-30 min) \u00e1 ums\u00f3knar\u00e1ri.<\/em><\/span><\/em><\/li><li><em><span class=\"has-inline-color has-white-color\"><em>2\/3 hlutur er greiddur fyrir s\u00fdningu \u00e1 stuttmynd \u00ed flokki B (31-59 min) \u00e1 \u00fathlutunar\u00e1ri.<\/em><\/span><\/em><\/li><\/ul>\n\n\n\n<p><\/p>\n\n\n\n<p><strong><em>SK\u00ddRINGARD\u00c6MI<\/em><\/strong><\/p>\n\n\n\n<div class=\"wp-block-group\"><div class=\"wp-block-group__inner-container\">\n<p><strong>B\u00ed\u00f3myndir:<\/strong><\/p>\n\n\n\n<figure class=\"wp-block-table\"><table><tbody><tr><td>2009<\/td><td class=\"has-text-align-left\" data-align=\"left\"><em>Sigga fer \u00ed sveit<\/em>, lengd 88\u00b4<\/td><td>1 hlutur tilvgj.<\/td><\/tr><tr><td>2012 <\/td><td class=\"has-text-align-left\" data-align=\"left\"><em>J\u00f3i tr\u00falofast<\/em>, lengd 93\u00b4 <\/td><td>1 hlutur tilvgj.<br><\/td><\/tr><tr><td>2015 <\/td><td class=\"has-text-align-left\" data-align=\"left\"><em>Sigga sigrar heiminn<\/em>, lengd 101\u00b4 <\/td><td>1 hlutur tilvgj.<\/td><\/tr><\/tbody><\/table><\/figure>\n\n\n\n<p><strong>Heimildamyndir:<\/strong><\/p>\n\n\n\n<figure class=\"wp-block-table\"><table><tbody><tr><td>2006 <\/td><td><em>Svartn\u00e6tti<\/em>, lengd 60\u00b4 <\/td><td>1 hlutur tilvgj.<br><\/td><\/tr><tr><td>2013 <\/td><td><em>Ver\u00f0ugur er verkama\u00f0ur launa sinna<\/em>, lengd 63\u00b4 <\/td><td>1 hlutur tilvgj.<\/td><\/tr><\/tbody><\/table><\/figure>\n\n\n\n<p><strong>Sj\u00f3nvarpsser\u00edur:<\/strong><\/p>\n\n\n\n<figure class=\"wp-block-table\"><table><tbody><tr><td>2014 <\/td><td><em>Ekki er allt sem s\u00fdnist<\/em>, lengd 280\u00b4 <\/td><td>0 hlutur tilvgj.<\/td><\/tr><\/tbody><\/table><\/figure>\n\n\n\n<p><strong>Stuttmyndir, flokkur A:<\/strong><\/p>\n\n\n\n<figure class=\"wp-block-table\"><table><tbody><tr><td>2019<\/td><td><em>Soff\u00eda<\/em>, lengd 19\u00b4<\/td><td>1\/3 hlutur tilvgj.<\/td><\/tr><\/tbody><\/table><\/figure>\n\n\n\n<p><strong><em><u>S\u00ddNINGAR (sj\u00f3nvarp og vod) \u00c1 \u00c1RINU 2020:<\/u><\/em><\/strong><\/p>\n\n\n\n<p><em><strong>SJ\u00d3NVARP<\/strong><\/em><\/p>\n\n\n\n<figure class=\"wp-block-table\"><table><tbody><tr><td>J<em>\u00f3i tr\u00falofast<\/em> \u00e1 R\u00daV 5.5. 2020 <\/td><td>1 hlutur<br><\/td><\/tr><tr><td><em>Ekki er allt sem s\u00fdnist<\/em> \u00e1 St\u00f6\u00f0 2<\/td><td>2 hlutar<\/td><\/tr><tr><td><em>Soff\u00eda <\/em>\u00e1 R\u00daV 5.9. 2020<\/td><td>1\/3 hluti<\/td><\/tr><\/tbody><\/table><\/figure>\n<\/div><\/div>\n\n\n\n<p><strong>VOD:<\/strong><\/p>\n\n\n\n<figure class=\"wp-block-table\"><table><tbody><tr><td><em>Sigga sigrar heiminn<\/em><\/td><td>1 hlutur<\/td><\/tr><\/tbody><\/table><\/figure>\n\n\n\n<p><\/p>\n\n\n\n<figure class=\"wp-block-table\"><table><tbody><tr><td><strong>SAMTALS<\/strong><\/td><td><strong>9 1\/3 hlutar<\/strong><\/td><\/tr><\/tbody><\/table><\/figure>\n\n\n\n<p>Ef fleiri en einn leikstj\u00f3ri eru \u00e1 verki er mikilv\u00e6gt a\u00f0 me\u00f0 ums\u00f3kn fylgi n\u00e1kv\u00e6m verkaskipting sem hlutfall af 100%.<\/p>\n\n\n\n<p>Ver\u00f0gildi hlutar er r\u00e1\u00f0st\u00f6funarf\u00e9 IHM sj\u00f3\u00f0s (a\u00f0 fr\u00e1dregnum ums\u00fdslukostna\u00f0i) deilt me\u00f0 fj\u00f6lda ums\u00f3kna.<\/p>\n\n\n\n<p>\u00c1 a\u00f0alfundi SKL, 3.j\u00fan\u00ed 2020, var sam\u00feykkt a\u00f0 r\u00e1\u00f0st\u00f6funarf\u00e9 IHM sj\u00f3\u00f0s yr\u00f0i&nbsp; \u00fathluta\u00f0 \u00ed hlutf\u00f6llunum 50\/50 milli tilvistargjalda annars vegar og s\u00fdningar \u00ed sj\u00f3nvarpi og VOD hins vegar. S\u00fa \u00e1kv\u00f6r\u00f0un gildir \u00fear til kosi\u00f0 er um anna\u00f0 \u00e1 a\u00f0alfundi.<\/p>\n\n\n\n<p>F\u00e9lagsgjald\/\u00e1rsgjald, a\u00f0 upph\u00e6\u00f0 25.000 kr. er dregi\u00f0 fr\u00e1 \u00fathlutun til ums\u00e6kjenda, nema \u00f3ska\u00f0 s\u00e9 eftir \u00f6\u00f0ru fyrirkomulagi \u00e1 innheimtu.<\/p>\n\n\n\n<p>Kostna\u00f0ur SKL vegna ums\u00fdslu og \u00fathlutunar grei\u00f0slna skal greiddur af \u00f3skiptu framlagi IHM til SKL. Ums\u00fdslukostna\u00f0ur skal \u00fe\u00f3 aldrei vera h\u00e6rri en sem nemur 25% af heildargrei\u00f0slum IHM til SKL \u00ed samr\u00e6mi vi\u00f0 4. gr. \u00fathlutunarstefnu SKL.<\/p>\n\n\n\n<p>Grei\u00f0slum sem ekki er unnt a\u00f0 koma til hluta\u00f0eigandi r\u00e9tthafa eru geymdar \u00ed 5 \u00e1r, en renna a\u00f0 \u00feeim t\u00edma loknum inn \u00ed IHM sj\u00f3\u00f0.<\/p>\n","protected":false},"excerpt":{"rendered":"<p>Kvikmyndaleikstj\u00f3rum gefst kostur \u00e1 a\u00f0 s\u00e6kja um b\u00e6tur \u00far IHM-sj\u00f3\u00f0i fyrir verk s\u00fdnd \u00ed innlendu sj\u00f3nvarpi e\u00f0a \u00e1 innlendu VOD \u00e1ri\u00f0 2024. \u00dathlutunarreglur SKL m\u00e1 finna h\u00e9r fyrir ne\u00f0an. Athugi\u00f0 a\u00f0 einungis \u00fearf a\u00f0 s\u00e6kja um fyrir verk sem voru s\u00fdnd \u00e1 \u00e1rinu 2024 og verk sem voru frums\u00fdnd \u00e1ri\u00f0 2024 og munu \u00fev\u00ed b\u00e6tast \u00ed gagnagrunn f\u00e9laga okkar. Eldri [&hellip;]<\/p>\n","protected":false},"author":1,"featured_media":0,"parent":0,"menu_order":0,"comment_status":"closed","ping_status":"closed","template":"","meta":{"spay_email":""},"_links":{"self":[{"href":"https:\/\/icelandicfilmdirectors.is\/index.php?rest_route=\/wp\/v2\/pages\/116"}],"collection":[{"href":"https:\/\/icelandicfilmdirectors.is\/index.php?rest_route=\/wp\/v2\/pages"}],"about":[{"href":"https:\/\/icelandicfilmdirectors.is\/index.php?rest_route=\/wp\/v2\/types\/page"}],"author":[{"embeddable":true,"href":"https:\/\/icelandicfilmdirectors.is\/index.php?rest_route=\/wp\/v2\/users\/1"}],"replies":[{"embeddable":true,"href":"https:\/\/icelandicfilmdirectors.is\/index.php?rest_route=%2Fwp%2Fv2%2Fcomments&post=116"}],"version-history":[{"count":36,"href":"https:\/\/icelandicfilmdirectors.is\/index.php?rest_route=\/wp\/v2\/pages\/116\/revisions"}],"predecessor-version":[{"id":380,"href":"https:\/\/icelandicfilmdirectors.is\/index.php?rest_route=\/wp\/v2\/pages\/116\/revisions\/380"}],"wp:attachment":[{"href":"https:\/\/icelandicfilmdirectors.is\/index.php?rest_route=%2Fwp%2Fv2%2Fmedia&parent=116"}],"curies":[{"name":"wp","href":"https:\/\/api.w.org\/{rel}","templated":true}]}}